{"id":262,"date":"2022-02-12T20:17:47","date_gmt":"2022-02-12T19:17:47","guid":{"rendered":"https:\/\/server.it-services-haase.de\/?page_id=262"},"modified":"2025-01-03T15:10:18","modified_gmt":"2025-01-03T14:10:18","slug":"produkte","status":"publish","type":"page","link":"https:\/\/www.gordon-verwaltung.de\/index.php\/produkte\/","title":{"rendered":"Produkte"},"content":{"rendered":"\n<p><strong>1. Stahlziele f\u00fcr den Schie\u00dfsport (Angebot richtet sich an Unternehmer)<\/strong><br>* Leicht transportierbare Modul-Konzeption, die schnellen Auf- und Abbau durch eine einzige Person erm\u00f6glicht.<br>* In Zusammenarbeit mit Fachleuten, Sportlern und Spezialisten wurde ein aktives Schutzkonzept gegen R\u00fcckprallsplitter entwickelt.<br>* Die angebotenen Stahlziele sind eine eigene, ver\u00e4ndernde Weiterentwicklung vorhandener Anlagen und neben einer Nutzbarkeit in der Disziplin Steelchallenge besonders f\u00fcr die seit 2018 vom Bundesverwaltungsamt genehmigte neue Sportordnung des SPEED STEEL\u00ae geeignet.<br>* Das Gesamtprodukt ist speziell auf die zuverl\u00e4ssige Erf\u00fcllung der strengen deutschen Regeln f\u00fcr die Benutzung undurchdringbarer Ziele auf offenen und geschlossenen Schie\u00dfanlagen ausgerichtet.<\/p>\n\n\n\n<p><strong><a href=\"https:\/\/www.gordon-verwaltung.de\/index.php\/go-produktvideos\/\" target=\"_blank\" rel=\"noreferrer noopener\">Produktinformation durch Produktvideos gibt es hier<\/a><\/strong><\/p>\n\n\n\n<p>1.1 Einzelmodule<br><a href=\"https:\/\/www.gordon-verwaltung.de\/index.php\/go-produkt-03-duellentscheider\/\">Produkt_03, Duellentscheider<\/a><br><a href=\"https:\/\/www.gordon-verwaltung.de\/index.php\/go-produkt-selfsetter\/\" data-type=\"page\" data-id=\"313\">Produkt_05, Selfsetter im Stahlblechkasten<\/a><br><a href=\"https:\/\/www.gordon-verwaltung.de\/index.php\/produkt-14-swinger\/\" data-type=\"page\" data-id=\"668\">Produkt_14, Swingerplates im Stahlblechkasten<\/a><br><a href=\"https:\/\/www.gordon-verwaltung.de\/index.php\/produkt-15-ipsc-plates\/\" data-type=\"page\" data-id=\"683\">Produkt_15, IPSC Rechteckplatte im Stahlblechkasten<\/a><\/p>\n\n\n\n<p>1.2 besondere Produkte<\/p>\n\n\n\n<p><a href=\"https:\/\/www.gordon-verwaltung.de\/index.php\/go-produkt-kill-the-beast\/\" target=\"_blank\" rel=\"noreferrer noopener\">produkt 04, The BEAST<\/a><\/p>\n\n\n\n<p><a href=\"https:\/\/www.gordon-verwaltung.de\/index.php\/go-produkt-06-doublearray\/\" target=\"_blank\" rel=\"noreferrer noopener\">skalierbare Mini-Fallplattenanlage &#8222;double array&#8220;<\/a><\/p>\n\n\n\n<p><strong>2.&nbsp;Deckelplatte&nbsp;f\u00fcr Euroboxen&nbsp;(Angebot richtet sich an Unternehmer)<\/strong><\/p>\n\n\n\n<p>* Stabiler Deckel f\u00fcr Euroboxenstapel mit 60*40 cm Footprint<br>* 4 mm starkes Aluminium, auf exakte Passform gekantet<br>* nutzbar als Thekenplatte, Sitz oder Trittstufe<br>* bildet&nbsp;umgedreht als verschraubbare Wanne in Ihrem Anh\u00e4nger als&nbsp;sicherer Standplatz f\u00fcr Ihr Boxen<\/p>\n","protected":false},"excerpt":{"rendered":"<p>1. Stahlziele f\u00fcr den Schie\u00dfsport (Angebot richtet sich an Unternehmer)* Leicht transportierbare Modul-Konzeption, die schnellen Auf- und Abbau durch eine einzige Person erm\u00f6glicht.* In Zusammenarbeit mit Fachleuten, Sportlern und Spezialisten wurde ein aktives Schutzkonzept gegen R\u00fcckprallsplitter entwickelt.* Die angebotenen Stahlziele sind eine eigene, ver\u00e4ndernde Weiterentwicklung vorhandener Anlagen und neben einer Nutzbarkeit in der Disziplin Steelchallenge&hellip; <br \/> <a class=\"read-more\" href=\"https:\/\/www.gordon-verwaltung.de\/index.php\/produkte\/\">Weiterlesen<\/a><\/p>\n","protected":false},"author":2,"featured_media":0,"parent":0,"menu_order":0,"comment_status":"closed","ping_status":"closed","template":"","meta":{"footnotes":""},"class_list":["post-262","page","type-page","status-publish","hentry"],"_links":{"self":[{"href":"https:\/\/www.gordon-verwaltung.de\/index.php\/wp-json\/wp\/v2\/pages\/262","targetHints":{"allow":["GET"]}}],"collection":[{"href":"https:\/\/www.gordon-verwaltung.de\/index.php\/wp-json\/wp\/v2\/pages"}],"about":[{"href":"https:\/\/www.gordon-verwaltung.de\/index.php\/wp-json\/wp\/v2\/types\/page"}],"author":[{"embeddable":true,"href":"https:\/\/www.gordon-verwaltung.de\/index.php\/wp-json\/wp\/v2\/users\/2"}],"replies":[{"embeddable":true,"href":"https:\/\/www.gordon-verwaltung.de\/index.php\/wp-json\/wp\/v2\/comments?post=262"}],"version-history":[{"count":17,"href":"https:\/\/www.gordon-verwaltung.de\/index.php\/wp-json\/wp\/v2\/pages\/262\/revisions"}],"predecessor-version":[{"id":704,"href":"https:\/\/www.gordon-verwaltung.de\/index.php\/wp-json\/wp\/v2\/pages\/262\/revisions\/704"}],"wp:attachment":[{"href":"https:\/\/www.gordon-verwaltung.de\/index.php\/wp-json\/wp\/v2\/media?parent=262"}],"curies":[{"name":"wp","href":"https:\/\/api.w.org\/{rel}","templated":true}]}}