{"id":298,"date":"2022-03-31T21:34:08","date_gmt":"2022-03-31T19:34:08","guid":{"rendered":"https:\/\/server.it-services-haase.de\/?page_id=298"},"modified":"2022-04-05T14:06:23","modified_gmt":"2022-04-05T12:06:23","slug":"go-produkt-kill-the-beast","status":"publish","type":"page","link":"https:\/\/www.gordon-verwaltung.de\/index.php\/go-produkt-kill-the-beast\/","title":{"rendered":"Produkt-04-Kill the Beast"},"content":{"rendered":"\n<p class=\"has-large-font-size\">Stage &#8222;Kill the Beast&#8220;<\/p>\n\n\n\n<figure class=\"wp-block-image size-large\"><img loading=\"lazy\" decoding=\"async\" width=\"1024\" height=\"501\" src=\"https:\/\/www.gordon-verwaltung.de\/wp-content\/uploads\/2022\/04\/Bild-KtB_4955_klein1-1024x501.jpeg\" alt=\"\" class=\"wp-image-523\" srcset=\"https:\/\/www.gordon-verwaltung.de\/wp-content\/uploads\/2022\/04\/Bild-KtB_4955_klein1-1024x501.jpeg 1024w, https:\/\/www.gordon-verwaltung.de\/wp-content\/uploads\/2022\/04\/Bild-KtB_4955_klein1-300x147.jpeg 300w, https:\/\/www.gordon-verwaltung.de\/wp-content\/uploads\/2022\/04\/Bild-KtB_4955_klein1-768x375.jpeg 768w, https:\/\/www.gordon-verwaltung.de\/wp-content\/uploads\/2022\/04\/Bild-KtB_4955_klein1.jpeg 1174w\" sizes=\"auto, (max-width: 1024px) 100vw, 1024px\" \/><\/figure>\n\n\n\n<p>&nbsp;<\/p>\n\n\n\n<p class=\"has-large-font-size\">Einzelteile des BEAST und Gesamtaufbau<\/p>\n\n\n\n<p>&nbsp;<\/p>\n\n\n\n<p class=\"has-large-font-size\">Elefantenfu\u00df zur Erzeugung der n\u00f6tigen Bauh\u00f6he<\/p>\n\n\n\n<figure class=\"wp-block-image size-large\"><img loading=\"lazy\" decoding=\"async\" width=\"987\" height=\"1024\" src=\"https:\/\/www.gordon-verwaltung.de\/wp-content\/uploads\/2022\/04\/Phase1-2_4107-Kopie-987x1024.jpg\" alt=\"\" class=\"wp-image-494\" srcset=\"https:\/\/www.gordon-verwaltung.de\/wp-content\/uploads\/2022\/04\/Phase1-2_4107-Kopie-987x1024.jpg 987w, https:\/\/www.gordon-verwaltung.de\/wp-content\/uploads\/2022\/04\/Phase1-2_4107-Kopie-289x300.jpg 289w, https:\/\/www.gordon-verwaltung.de\/wp-content\/uploads\/2022\/04\/Phase1-2_4107-Kopie-768x797.jpg 768w, https:\/\/www.gordon-verwaltung.de\/wp-content\/uploads\/2022\/04\/Phase1-2_4107-Kopie-1024x1062.jpg 1024w, https:\/\/www.gordon-verwaltung.de\/wp-content\/uploads\/2022\/04\/Phase1-2_4107-Kopie-1041x1080.jpg 1041w, https:\/\/www.gordon-verwaltung.de\/wp-content\/uploads\/2022\/04\/Phase1-2_4107-Kopie.jpg 1282w\" sizes=\"auto, (max-width: 987px) 100vw, 987px\" \/><\/figure>\n\n\n\n<p>&nbsp;<\/p>\n\n\n\n<p class=\"has-large-font-size\">Vorderer Teil der Basisplatte mit Bolzenaufnahme und Bolzen<\/p>\n\n\n\n<figure class=\"wp-block-image size-large\"><img loading=\"lazy\" decoding=\"async\" width=\"768\" height=\"1024\" src=\"https:\/\/www.gordon-verwaltung.de\/wp-content\/uploads\/2022\/04\/Plattenbasisdetail1_4098-Kopie-1-768x1024.jpg\" alt=\"\" class=\"wp-image-498\" srcset=\"https:\/\/www.gordon-verwaltung.de\/wp-content\/uploads\/2022\/04\/Plattenbasisdetail1_4098-Kopie-1-768x1024.jpg 768w, https:\/\/www.gordon-verwaltung.de\/wp-content\/uploads\/2022\/04\/Plattenbasisdetail1_4098-Kopie-1-225x300.jpg 225w, https:\/\/www.gordon-verwaltung.de\/wp-content\/uploads\/2022\/04\/Plattenbasisdetail1_4098-Kopie-1-810x1080.jpg 810w, https:\/\/www.gordon-verwaltung.de\/wp-content\/uploads\/2022\/04\/Plattenbasisdetail1_4098-Kopie-1.jpg 1024w\" sizes=\"auto, (max-width: 768px) 100vw, 768px\" \/><\/figure>\n\n\n\n<p>&nbsp;<\/p>\n\n\n\n<p class=\"has-large-font-size\">Hinterer Teil der Basisplatte <\/p>\n\n\n\n<figure class=\"wp-block-image size-large\"><img loading=\"lazy\" decoding=\"async\" width=\"768\" height=\"1024\" src=\"https:\/\/www.gordon-verwaltung.de\/wp-content\/uploads\/2022\/04\/Phase2Detail1_4110-Kopie-768x1024.jpg\" alt=\"\" class=\"wp-image-499\" srcset=\"https:\/\/www.gordon-verwaltung.de\/wp-content\/uploads\/2022\/04\/Phase2Detail1_4110-Kopie-768x1024.jpg 768w, https:\/\/www.gordon-verwaltung.de\/wp-content\/uploads\/2022\/04\/Phase2Detail1_4110-Kopie-225x300.jpg 225w, https:\/\/www.gordon-verwaltung.de\/wp-content\/uploads\/2022\/04\/Phase2Detail1_4110-Kopie.jpg 774w\" sizes=\"auto, (max-width: 768px) 100vw, 768px\" \/><\/figure>\n\n\n\n<p>&nbsp;<\/p>\n\n\n\n<p class=\"has-large-font-size\">Basisplatte auf 52-er Deckel, montiert auf Elefantenfu\u00df<\/p>\n\n\n\n<figure class=\"wp-block-image size-large\"><img loading=\"lazy\" decoding=\"async\" width=\"1024\" height=\"944\" src=\"https:\/\/www.gordon-verwaltung.de\/wp-content\/uploads\/2022\/04\/Phase2Detail2_4109-Kopie-1024x944.jpg\" alt=\"\" class=\"wp-image-495\" srcset=\"https:\/\/www.gordon-verwaltung.de\/wp-content\/uploads\/2022\/04\/Phase2Detail2_4109-Kopie-1024x944.jpg 1024w, https:\/\/www.gordon-verwaltung.de\/wp-content\/uploads\/2022\/04\/Phase2Detail2_4109-Kopie-300x277.jpg 300w, https:\/\/www.gordon-verwaltung.de\/wp-content\/uploads\/2022\/04\/Phase2Detail2_4109-Kopie-768x708.jpg 768w, https:\/\/www.gordon-verwaltung.de\/wp-content\/uploads\/2022\/04\/Phase2Detail2_4109-Kopie-1171x1080.jpg 1171w, https:\/\/www.gordon-verwaltung.de\/wp-content\/uploads\/2022\/04\/Phase2Detail2_4109-Kopie.jpg 1434w\" sizes=\"auto, (max-width: 1024px) 100vw, 1024px\" \/><\/figure>\n\n\n\n<p>&nbsp;<\/p>\n\n\n\n<p class=\"has-large-font-size\">Beschusspanzer f\u00fcr Mechanik<\/p>\n\n\n\n<p><\/p>\n\n\n\n<figure class=\"wp-block-image size-full\"><img loading=\"lazy\" decoding=\"async\" width=\"624\" height=\"719\" src=\"https:\/\/www.gordon-verwaltung.de\/wp-content\/uploads\/2022\/04\/Panzerplatte2_4103-Kopie.jpg\" alt=\"\" class=\"wp-image-500\" srcset=\"https:\/\/www.gordon-verwaltung.de\/wp-content\/uploads\/2022\/04\/Panzerplatte2_4103-Kopie.jpg 624w, https:\/\/www.gordon-verwaltung.de\/wp-content\/uploads\/2022\/04\/Panzerplatte2_4103-Kopie-260x300.jpg 260w\" sizes=\"auto, (max-width: 624px) 100vw, 624px\" \/><\/figure>\n\n\n\n<p>&nbsp;<\/p>\n\n\n\n<p class=\"has-large-font-size\">Prallblech mit Aufstellfl\u00fcgel<\/p>\n\n\n\n<figure class=\"wp-block-image size-large\"><img loading=\"lazy\" decoding=\"async\" width=\"730\" height=\"1024\" src=\"https:\/\/www.gordon-verwaltung.de\/wp-content\/uploads\/2022\/04\/Plattenaufsteller1_4091-Kopie-730x1024.jpg\" alt=\"\" class=\"wp-image-502\" srcset=\"https:\/\/www.gordon-verwaltung.de\/wp-content\/uploads\/2022\/04\/Plattenaufsteller1_4091-Kopie-730x1024.jpg 730w, https:\/\/www.gordon-verwaltung.de\/wp-content\/uploads\/2022\/04\/Plattenaufsteller1_4091-Kopie-214x300.jpg 214w, https:\/\/www.gordon-verwaltung.de\/wp-content\/uploads\/2022\/04\/Plattenaufsteller1_4091-Kopie-768x1077.jpg 768w, https:\/\/www.gordon-verwaltung.de\/wp-content\/uploads\/2022\/04\/Plattenaufsteller1_4091-Kopie-1024x1436.jpg 1024w, https:\/\/www.gordon-verwaltung.de\/wp-content\/uploads\/2022\/04\/Plattenaufsteller1_4091-Kopie-770x1080.jpg 770w, https:\/\/www.gordon-verwaltung.de\/wp-content\/uploads\/2022\/04\/Plattenaufsteller1_4091-Kopie.jpg 1046w\" sizes=\"auto, (max-width: 730px) 100vw, 730px\" \/><\/figure>\n\n\n\n<p>&nbsp;<\/p>\n\n\n\n<p><\/p>\n\n\n\n<p class=\"has-large-font-size\">Detailansicht Bolzenaufnahme an der Platte<\/p>\n\n\n\n<figure class=\"wp-block-image size-full\"><img loading=\"lazy\" decoding=\"async\" width=\"983\" height=\"766\" src=\"https:\/\/www.gordon-verwaltung.de\/wp-content\/uploads\/2022\/04\/Fallbohne_Detail1_4129-Kopie.jpg\" alt=\"\" class=\"wp-image-520\" srcset=\"https:\/\/www.gordon-verwaltung.de\/wp-content\/uploads\/2022\/04\/Fallbohne_Detail1_4129-Kopie.jpg 983w, https:\/\/www.gordon-verwaltung.de\/wp-content\/uploads\/2022\/04\/Fallbohne_Detail1_4129-Kopie-300x234.jpg 300w, https:\/\/www.gordon-verwaltung.de\/wp-content\/uploads\/2022\/04\/Fallbohne_Detail1_4129-Kopie-768x598.jpg 768w\" sizes=\"auto, (max-width: 983px) 100vw, 983px\" \/><\/figure>\n\n\n\n<p><\/p>\n\n\n\n<p>&nbsp;<\/p>\n\n\n\n<p class=\"has-large-font-size\">Detailansicht: Montierte Platte  mit Bolzen in Mechanik<\/p>\n\n\n\n<figure class=\"wp-block-image size-full\"><img loading=\"lazy\" decoding=\"async\" width=\"832\" height=\"901\" src=\"https:\/\/www.gordon-verwaltung.de\/wp-content\/uploads\/2022\/04\/Fallbohne_Detail3_4112-Kopie.jpg\" alt=\"\" class=\"wp-image-512\" srcset=\"https:\/\/www.gordon-verwaltung.de\/wp-content\/uploads\/2022\/04\/Fallbohne_Detail3_4112-Kopie.jpg 832w, https:\/\/www.gordon-verwaltung.de\/wp-content\/uploads\/2022\/04\/Fallbohne_Detail3_4112-Kopie-277x300.jpg 277w, https:\/\/www.gordon-verwaltung.de\/wp-content\/uploads\/2022\/04\/Fallbohne_Detail3_4112-Kopie-768x832.jpg 768w\" sizes=\"auto, (max-width: 832px) 100vw, 832px\" \/><\/figure>\n\n\n\n<p>&nbsp;<\/p>\n\n\n\n<p><\/p>\n\n\n\n<p class=\"has-large-font-size\">Montierte Aufstellmechanik auf Basisplatte ohne Zielmedium<\/p>\n\n\n\n<figure class=\"wp-block-image size-large\"><img loading=\"lazy\" decoding=\"async\" width=\"768\" height=\"1024\" src=\"https:\/\/www.gordon-verwaltung.de\/wp-content\/uploads\/2022\/04\/Prallblechdetail1_4111-Kopie-768x1024.jpg\" alt=\"\" class=\"wp-image-503\" srcset=\"https:\/\/www.gordon-verwaltung.de\/wp-content\/uploads\/2022\/04\/Prallblechdetail1_4111-Kopie-768x1024.jpg 768w, https:\/\/www.gordon-verwaltung.de\/wp-content\/uploads\/2022\/04\/Prallblechdetail1_4111-Kopie-225x300.jpg 225w, https:\/\/www.gordon-verwaltung.de\/wp-content\/uploads\/2022\/04\/Prallblechdetail1_4111-Kopie.jpg 774w\" sizes=\"auto, (max-width: 768px) 100vw, 768px\" \/><\/figure>\n\n\n\n<p>&nbsp;<\/p>\n\n\n\n<p><\/p>\n\n\n\n<p class=\"has-large-font-size\">Montierte Basisplatte auf dem Elefantenfu\u00df- Ansicht von hinten<\/p>\n\n\n\n<figure class=\"wp-block-image size-large\"><img loading=\"lazy\" decoding=\"async\" width=\"1024\" height=\"830\" src=\"https:\/\/www.gordon-verwaltung.de\/wp-content\/uploads\/2022\/04\/Rahmendetail2_4099-Kopie-1-1024x830.jpg\" alt=\"\" class=\"wp-image-513\" srcset=\"https:\/\/www.gordon-verwaltung.de\/wp-content\/uploads\/2022\/04\/Rahmendetail2_4099-Kopie-1-1024x830.jpg 1024w, https:\/\/www.gordon-verwaltung.de\/wp-content\/uploads\/2022\/04\/Rahmendetail2_4099-Kopie-1-300x243.jpg 300w, https:\/\/www.gordon-verwaltung.de\/wp-content\/uploads\/2022\/04\/Rahmendetail2_4099-Kopie-1-768x622.jpg 768w, https:\/\/www.gordon-verwaltung.de\/wp-content\/uploads\/2022\/04\/Rahmendetail2_4099-Kopie-1.jpg 1260w\" sizes=\"auto, (max-width: 1024px) 100vw, 1024px\" \/><\/figure>\n\n\n\n<p>&nbsp;<\/p>\n\n\n\n<p class=\"has-large-font-size\">Splitterfangkasten (3-.seitig) best\u00fcckt mit F\u00f6rderbandgummi<\/p>\n\n\n\n<figure class=\"wp-block-image size-large\"><img loading=\"lazy\" decoding=\"async\" width=\"912\" height=\"1024\" src=\"https:\/\/www.gordon-verwaltung.de\/wp-content\/uploads\/2022\/04\/SplitteschutzDetail3_4093-Kopie-912x1024.jpg\" alt=\"\" class=\"wp-image-507\" srcset=\"https:\/\/www.gordon-verwaltung.de\/wp-content\/uploads\/2022\/04\/SplitteschutzDetail3_4093-Kopie-912x1024.jpg 912w, https:\/\/www.gordon-verwaltung.de\/wp-content\/uploads\/2022\/04\/SplitteschutzDetail3_4093-Kopie-267x300.jpg 267w, https:\/\/www.gordon-verwaltung.de\/wp-content\/uploads\/2022\/04\/SplitteschutzDetail3_4093-Kopie-768x863.jpg 768w, https:\/\/www.gordon-verwaltung.de\/wp-content\/uploads\/2022\/04\/SplitteschutzDetail3_4093-Kopie-1024x1150.jpg 1024w, https:\/\/www.gordon-verwaltung.de\/wp-content\/uploads\/2022\/04\/SplitteschutzDetail3_4093-Kopie-962x1080.jpg 962w, https:\/\/www.gordon-verwaltung.de\/wp-content\/uploads\/2022\/04\/SplitteschutzDetail3_4093-Kopie.jpg 1031w\" sizes=\"auto, (max-width: 912px) 100vw, 912px\" \/><\/figure>\n\n\n\n<p>&nbsp;<\/p>\n\n\n\n<p class=\"has-large-font-size\">Platte BEAST montiert, liegend auf Prallblech<\/p>\n\n\n\n<p><\/p>\n\n\n\n<figure class=\"wp-block-image size-large\"><img loading=\"lazy\" decoding=\"async\" width=\"768\" height=\"1024\" src=\"https:\/\/www.gordon-verwaltung.de\/wp-content\/uploads\/2022\/04\/Phase3-liegend1_4113-768x1024.jpeg\" alt=\"\" class=\"wp-image-501\" srcset=\"https:\/\/www.gordon-verwaltung.de\/wp-content\/uploads\/2022\/04\/Phase3-liegend1_4113-768x1024.jpeg 768w, https:\/\/www.gordon-verwaltung.de\/wp-content\/uploads\/2022\/04\/Phase3-liegend1_4113-225x300.jpeg 225w, https:\/\/www.gordon-verwaltung.de\/wp-content\/uploads\/2022\/04\/Phase3-liegend1_4113-1152x1536.jpeg 1152w, https:\/\/www.gordon-verwaltung.de\/wp-content\/uploads\/2022\/04\/Phase3-liegend1_4113-1536x2048.jpeg 1536w, https:\/\/www.gordon-verwaltung.de\/wp-content\/uploads\/2022\/04\/Phase3-liegend1_4113-1024x1365.jpeg 1024w, https:\/\/www.gordon-verwaltung.de\/wp-content\/uploads\/2022\/04\/Phase3-liegend1_4113-810x1080.jpeg 810w, https:\/\/www.gordon-verwaltung.de\/wp-content\/uploads\/2022\/04\/Phase3-liegend1_4113-scaled.jpeg 1920w\" sizes=\"auto, (max-width: 768px) 100vw, 768px\" \/><\/figure>\n\n\n\n<p>&nbsp;<\/p>\n\n\n\n<p><\/p>\n\n\n\n<p class=\"has-large-font-size\">Komplettziel ready to shoot, Ansicht von rechts vorn<\/p>\n\n\n\n<p><\/p>\n\n\n\n<figure class=\"wp-block-image size-large\"><img loading=\"lazy\" decoding=\"async\" width=\"731\" height=\"1024\" src=\"https:\/\/www.gordon-verwaltung.de\/wp-content\/uploads\/2022\/04\/Seitenansicht3_4118-Kopie-731x1024.jpg\" alt=\"\" class=\"wp-image-505\" srcset=\"https:\/\/www.gordon-verwaltung.de\/wp-content\/uploads\/2022\/04\/Seitenansicht3_4118-Kopie-731x1024.jpg 731w, https:\/\/www.gordon-verwaltung.de\/wp-content\/uploads\/2022\/04\/Seitenansicht3_4118-Kopie-214x300.jpg 214w, https:\/\/www.gordon-verwaltung.de\/wp-content\/uploads\/2022\/04\/Seitenansicht3_4118-Kopie-768x1076.jpg 768w, https:\/\/www.gordon-verwaltung.de\/wp-content\/uploads\/2022\/04\/Seitenansicht3_4118-Kopie-771x1080.jpg 771w, https:\/\/www.gordon-verwaltung.de\/wp-content\/uploads\/2022\/04\/Seitenansicht3_4118-Kopie.jpg 974w\" sizes=\"auto, (max-width: 731px) 100vw, 731px\" \/><\/figure>\n\n\n\n<p>&nbsp;<\/p>\n\n\n\n<p class=\"has-large-font-size\">Komplettziel ready to shoot, Ansicht von links vorn<\/p>\n\n\n\n<figure class=\"wp-block-image size-large\"><img loading=\"lazy\" decoding=\"async\" width=\"746\" height=\"1024\" src=\"https:\/\/www.gordon-verwaltung.de\/wp-content\/uploads\/2022\/04\/Seitenansicht2_4120-Kopie-746x1024.jpg\" alt=\"\" class=\"wp-image-506\" srcset=\"https:\/\/www.gordon-verwaltung.de\/wp-content\/uploads\/2022\/04\/Seitenansicht2_4120-Kopie-746x1024.jpg 746w, https:\/\/www.gordon-verwaltung.de\/wp-content\/uploads\/2022\/04\/Seitenansicht2_4120-Kopie-219x300.jpg 219w, https:\/\/www.gordon-verwaltung.de\/wp-content\/uploads\/2022\/04\/Seitenansicht2_4120-Kopie-768x1054.jpg 768w, https:\/\/www.gordon-verwaltung.de\/wp-content\/uploads\/2022\/04\/Seitenansicht2_4120-Kopie-1119x1536.jpg 1119w, https:\/\/www.gordon-verwaltung.de\/wp-content\/uploads\/2022\/04\/Seitenansicht2_4120-Kopie-1024x1406.jpg 1024w, https:\/\/www.gordon-verwaltung.de\/wp-content\/uploads\/2022\/04\/Seitenansicht2_4120-Kopie-787x1080.jpg 787w, https:\/\/www.gordon-verwaltung.de\/wp-content\/uploads\/2022\/04\/Seitenansicht2_4120-Kopie.jpg 1398w\" sizes=\"auto, (max-width: 746px) 100vw, 746px\" \/><\/figure>\n\n\n\n<p>&nbsp;<\/p>\n\n\n\n<p class=\"has-large-font-size\">Video vom Aufstellen<\/p>\n\n\n\n<figure class=\"wp-block-video\"><video height=\"720\" style=\"aspect-ratio: 1280 \/ 720;\" width=\"1280\" controls src=\"https:\/\/www.gordon-verwaltung.de\/wp-content\/uploads\/2022\/04\/Produktvideo1_4127.mov\"><\/video><\/figure>\n\n\n\n<p>&nbsp;<\/p>\n","protected":false},"excerpt":{"rendered":"<p>Stage &#8222;Kill the Beast&#8220; &nbsp; Einzelteile des BEAST und Gesamtaufbau &nbsp; Elefantenfu\u00df zur Erzeugung der n\u00f6tigen Bauh\u00f6he &nbsp; Vorderer Teil der Basisplatte mit Bolzenaufnahme und Bolzen &nbsp; Hinterer Teil der Basisplatte &nbsp; Basisplatte auf 52-er Deckel, montiert auf Elefantenfu\u00df &nbsp; Beschusspanzer f\u00fcr Mechanik &nbsp; Prallblech mit Aufstellfl\u00fcgel &nbsp; Detailansicht Bolzenaufnahme an der Platte &nbsp; Detailansicht:&hellip; <br \/> <a class=\"read-more\" href=\"https:\/\/www.gordon-verwaltung.de\/index.php\/go-produkt-kill-the-beast\/\">Weiterlesen<\/a><\/p>\n","protected":false},"author":2,"featured_media":0,"parent":0,"menu_order":0,"comment_status":"closed","ping_status":"closed","template":"","meta":{"footnotes":""},"class_list":["post-298","page","type-page","status-publish","hentry"],"_links":{"self":[{"href":"https:\/\/www.gordon-verwaltung.de\/index.php\/wp-json\/wp\/v2\/pages\/298","targetHints":{"allow":["GET"]}}],"collection":[{"href":"https:\/\/www.gordon-verwaltung.de\/index.php\/wp-json\/wp\/v2\/pages"}],"about":[{"href":"https:\/\/www.gordon-verwaltung.de\/index.php\/wp-json\/wp\/v2\/types\/page"}],"author":[{"embeddable":true,"href":"https:\/\/www.gordon-verwaltung.de\/index.php\/wp-json\/wp\/v2\/users\/2"}],"replies":[{"embeddable":true,"href":"https:\/\/www.gordon-verwaltung.de\/index.php\/wp-json\/wp\/v2\/comments?post=298"}],"version-history":[{"count":10,"href":"https:\/\/www.gordon-verwaltung.de\/index.php\/wp-json\/wp\/v2\/pages\/298\/revisions"}],"predecessor-version":[{"id":524,"href":"https:\/\/www.gordon-verwaltung.de\/index.php\/wp-json\/wp\/v2\/pages\/298\/revisions\/524"}],"wp:attachment":[{"href":"https:\/\/www.gordon-verwaltung.de\/index.php\/wp-json\/wp\/v2\/media?parent=298"}],"curies":[{"name":"wp","href":"https:\/\/api.w.org\/{rel}","templated":true}]}}