{"id":366,"date":"2022-04-01T22:31:06","date_gmt":"2022-04-01T20:31:06","guid":{"rendered":"https:\/\/server.it-services-haase.de\/?page_id=366"},"modified":"2022-04-02T22:20:17","modified_gmt":"2022-04-02T20:20:17","slug":"go-produkt-06-doublearray","status":"publish","type":"page","link":"https:\/\/www.gordon-verwaltung.de\/index.php\/go-produkt-06-doublearray\/","title":{"rendered":"Produkt-06-Doublearray"},"content":{"rendered":"\n<p>Alles wird teurer &#8211; wir bieten deshalb eine (der Schie\u00dfstandrichtlinie vollst\u00e4ndig entsprechende!) sofort einsatzbereite low-budget Mini-Fallplattenanlage f\u00fcr GK und KK (!) zum Sonderpreis von 373 Euro (netto) an (solange der Vorrat reicht). Der mit abgebildete vordere Beschusschutz ist im Angebot nicht enthalten.&nbsp;<\/p>\n\n\n\n<figure class=\"wp-block-image\"><img decoding=\"async\" src=\"https:\/\/server.it-services-haase.de\/wp-content\/uploads\/2022\/04\/D-Array016b-1024x626.jpeg\" alt=\"\" class=\"wp-image-405\"\/><\/figure>\n\n\n\n<p>Das Produkt ist &#8222;ready to shoot&#8220; und wird einfach in (mind.) 95 cm H\u00f6he auf einen Bock oder Palettenstapel gesetzt. Das Plattenpaar kann &#8211; as it is &#8211; als &#8222;knock-down-only&#8220; oder mit Seilzugaufsteller verwendet werden; die Platten sind mit zwei Federn (optional) zum Selfsetterarray aufr\u00fcstbar. Die Anlage kann auch mit 20-cm-Plates (optional, nur f\u00fcr GK empfohlen) verwendet werden, der Plattenwechsel dauert nur wenige Minuten.<\/p>\n\n\n\n<p>Die Anlage kann &#8211; abh\u00e4ngig von der Standzulasung &#8211; ab 7 Metern Entfernung eingesetzt werden. Sie ist skalierbar, kann also auf 4, 5 oder 6 Platten (f\u00fcr BDS Standard-Disziplin tauglich) erweitert werden. Die Anlage ben\u00f6tigt nur wenig Lagerplatz, die Einzel-Teile k\u00f6nnen von einer Person getragen und montiert werden. Alle Teile sind auch einzeln f\u00fcr eine Selbstkonfiguration, bspw. ohne Fehlbeschuspanzer oder Splitterfang, erwerbbar.<\/p>\n\n\n\n<p>Bestandteile der kompletten 2-Platten-Mini-Anlage (Netto-Einzelpreise am 1.4.2022):<br>* 2 St\u00fcck 15-er Plates, je mit 1 Stabilisatorfeder und Verbleiungsschutzblech (42 Euro)<br>* 2 St\u00fcck Basis_330 mit 2-tlg. Prallblech, Aufsstellfl\u00fcgel mit Stahlseil 2 Meter, montiert auf Poly-Platte 50*78 (168 Euro)<br>* 2 St\u00fcck Fehlbeschusspanzer (65)1 St\u00fcck 87-er- Splitterfangkasten (92 Euro)<br>* 1 St\u00fcck Innenauskleidung (29 Euro)<\/p>\n\n\n\n<p>&nbsp;<\/p>\n\n\n\n<p class=\"has-medium-font-size\">Double-Array aus Sicht des Sch\u00fctzen:<\/p>\n\n\n\n<figure class=\"wp-block-image\"><img decoding=\"async\" src=\"https:\/\/server.it-services-haase.de\/wp-content\/uploads\/2022\/04\/D-Array005a-1024x663.jpeg\" alt=\"\" class=\"wp-image-387\"\/><\/figure>\n\n\n\n<p>&nbsp;<\/p>\n\n\n\n<p class=\"has-medium-font-size\">Detailansicht Fehlbeschusspanzer, Einzelteile:<\/p>\n\n\n\n<figure class=\"wp-block-image\"><img decoding=\"async\" src=\"https:\/\/server.it-services-haase.de\/wp-content\/uploads\/2022\/04\/D-Array008-1024x362.jpg\" alt=\"\" class=\"wp-image-391\"\/><\/figure>\n\n\n\n<p>&nbsp;<\/p>\n\n\n\n<p class=\"has-medium-font-size\">Detailansicht Fehlbeschusspanzer, installiert:<\/p>\n\n\n\n<figure class=\"wp-block-image\"><img decoding=\"async\" src=\"https:\/\/server.it-services-haase.de\/wp-content\/uploads\/2022\/04\/D-Array006-1006x1024.jpg\" alt=\"\" class=\"wp-image-388\"\/><\/figure>\n\n\n\n<p>&nbsp;<\/p>\n\n\n\n<p class=\"has-medium-font-size\">Platteninstallation auf der Basis komplett:<\/p>\n\n\n\n<figure class=\"wp-block-image\"><img decoding=\"async\" src=\"https:\/\/server.it-services-haase.de\/wp-content\/uploads\/2022\/04\/D-Array009-1024x825.jpg\" alt=\"\" class=\"wp-image-392\"\/><\/figure>\n\n\n\n<p>&nbsp;<\/p>\n\n\n\n<p class=\"has-medium-font-size\">Detailansicht Steg und Halsteil der Fallplatte, Stegplattenaufnahme der Basis, Kalibrierschraube, Splitterabweiser am Plattenhals, Stabilisierungsfeder:<\/p>\n\n\n\n<figure class=\"wp-block-image\"><img decoding=\"async\" src=\"https:\/\/server.it-services-haase.de\/wp-content\/uploads\/2022\/04\/D-Array007a-1024x972.jpeg\" alt=\"\" class=\"wp-image-389\"\/><\/figure>\n\n\n\n<p>&nbsp;<\/p>\n\n\n\n<p class=\"has-medium-font-size\">Detailansicht der Stegplatte, hier Stopbippus und Plattenverschraubung:<\/p>\n\n\n\n<figure class=\"wp-block-image\"><img decoding=\"async\" src=\"https:\/\/server.it-services-haase.de\/wp-content\/uploads\/2022\/04\/D-Array007b.jpeg\" alt=\"\" class=\"wp-image-390\"\/><\/figure>\n\n\n\n<p>&nbsp;<\/p>\n\n\n\n<p class=\"has-medium-font-size\">R\u00fcckansicht auf das Array, hier Prallbleche mit Aufstellfl\u00fcgel:<\/p>\n\n\n\n<figure class=\"wp-block-image\"><img decoding=\"async\" src=\"https:\/\/server.it-services-haase.de\/wp-content\/uploads\/2022\/04\/D-Array011b-1024x449.jpeg\" alt=\"\" class=\"wp-image-393\"\/><\/figure>\n\n\n\n<p>&nbsp;<\/p>\n\n\n\n<p class=\"has-medium-font-size\">Detailansicht Prallblech mit montiertem Aufstellfl\u00fcgel:<\/p>\n\n\n\n<figure class=\"wp-block-image\"><img decoding=\"async\" src=\"https:\/\/server.it-services-haase.de\/wp-content\/uploads\/2022\/04\/D-Array011c-1020x1024.jpeg\" alt=\"\" class=\"wp-image-394\"\/><\/figure>\n\n\n\n<p>&nbsp;<\/p>\n\n\n\n<p class=\"has-medium-font-size\">Detailansicht Positionierung Seitensplitterfang:<\/p>\n\n\n\n<figure class=\"wp-block-image\"><img decoding=\"async\" src=\"https:\/\/server.it-services-haase.de\/wp-content\/uploads\/2022\/04\/D-Array012-1024x1016.jpg\" alt=\"\" class=\"wp-image-395\"\/><\/figure>\n\n\n\n<p>&nbsp;<\/p>\n\n\n\n<p class=\"has-medium-font-size\">Detailansicht Deckelsplitterfang:<\/p>\n\n\n\n<figure class=\"wp-block-image\"><img decoding=\"async\" src=\"https:\/\/server.it-services-haase.de\/wp-content\/uploads\/2022\/04\/D-Array013-1024x576.jpg\" alt=\"\" class=\"wp-image-396\"\/><\/figure>\n\n\n\n<p>&nbsp;<\/p>\n\n\n\n<p class=\"has-medium-font-size\">Detailansicht Splitterfangbefestigung mit Splint:<\/p>\n\n\n\n<figure class=\"wp-block-image\"><img decoding=\"async\" src=\"https:\/\/server.it-services-haase.de\/wp-content\/uploads\/2022\/04\/D-Array014-1024x577.jpg\" alt=\"\" class=\"wp-image-397\"\/><\/figure>\n\n\n\n<p>&nbsp;<\/p>\n\n\n\n<p class=\"has-medium-font-size\">Detailansicht &#8211; 4-mm- Splintk\u00f6pfe aussen:<\/p>\n\n\n\n<figure class=\"wp-block-image\"><img decoding=\"async\" src=\"https:\/\/server.it-services-haase.de\/wp-content\/uploads\/2022\/04\/D-Array015-1024x684.jpg\" alt=\"\" class=\"wp-image-398\"\/><\/figure>\n\n\n\n<p>&nbsp;<\/p>\n\n\n\n<p class=\"has-medium-font-size\">Detailansicht (schr\u00e4g von vorn) Beschussschutz vorne (bestehend aus 2 St\u00fcck 30-er Mastpanzern, einem Balken 7x5x90 cm und F\u00f6rderbandgummi):<\/p>\n\n\n\n<figure class=\"wp-block-image\"><img decoding=\"async\" src=\"https:\/\/server.it-services-haase.de\/wp-content\/uploads\/2022\/04\/D-Array017-1-1024x576.jpg\" alt=\"\" class=\"wp-image-400\"\/><\/figure>\n\n\n\n<p>&nbsp;<\/p>\n\n\n\n<p class=\"has-medium-font-size\">Detailansicht (seitlich von oben) Beschussschutz vorne:<\/p>\n\n\n\n<figure class=\"wp-block-image\"><img decoding=\"async\" src=\"https:\/\/server.it-services-haase.de\/wp-content\/uploads\/2022\/04\/D-Array018-693x1024.jpg\" alt=\"\" class=\"wp-image-401\"\/><\/figure>\n\n\n\n<p><\/p>\n","protected":false},"excerpt":{"rendered":"<p>Alles wird teurer &#8211; wir bieten deshalb eine (der Schie\u00dfstandrichtlinie vollst\u00e4ndig entsprechende!) sofort einsatzbereite low-budget Mini-Fallplattenanlage f\u00fcr GK und KK (!) zum Sonderpreis von 373 Euro (netto) an (solange der Vorrat reicht). Der mit abgebildete vordere Beschusschutz ist im Angebot nicht enthalten.&nbsp; Das Produkt ist &#8222;ready to shoot&#8220; und wird einfach in (mind.) 95 cm&hellip; <br \/> <a class=\"read-more\" href=\"https:\/\/www.gordon-verwaltung.de\/index.php\/go-produkt-06-doublearray\/\">Weiterlesen<\/a><\/p>\n","protected":false},"author":2,"featured_media":0,"parent":0,"menu_order":0,"comment_status":"closed","ping_status":"closed","template":"","meta":{"footnotes":""},"class_list":["post-366","page","type-page","status-publish","hentry"],"_links":{"self":[{"href":"https:\/\/www.gordon-verwaltung.de\/index.php\/wp-json\/wp\/v2\/pages\/366","targetHints":{"allow":["GET"]}}],"collection":[{"href":"https:\/\/www.gordon-verwaltung.de\/index.php\/wp-json\/wp\/v2\/pages"}],"about":[{"href":"https:\/\/www.gordon-verwaltung.de\/index.php\/wp-json\/wp\/v2\/types\/page"}],"author":[{"embeddable":true,"href":"https:\/\/www.gordon-verwaltung.de\/index.php\/wp-json\/wp\/v2\/users\/2"}],"replies":[{"embeddable":true,"href":"https:\/\/www.gordon-verwaltung.de\/index.php\/wp-json\/wp\/v2\/comments?post=366"}],"version-history":[{"count":7,"href":"https:\/\/www.gordon-verwaltung.de\/index.php\/wp-json\/wp\/v2\/pages\/366\/revisions"}],"predecessor-version":[{"id":380,"href":"https:\/\/www.gordon-verwaltung.de\/index.php\/wp-json\/wp\/v2\/pages\/366\/revisions\/380"}],"wp:attachment":[{"href":"https:\/\/www.gordon-verwaltung.de\/index.php\/wp-json\/wp\/v2\/media?parent=366"}],"curies":[{"name":"wp","href":"https:\/\/api.w.org\/{rel}","templated":true}]}}